osite number?
True
Let j be 2740/6 + 20/(-30). Let n = -290 + j. Let s = -92 + n. Is s prime?
False
Let x(j) = j**2 + j - 6. Let v be (9/18)/((-1)/(-6)). Let o be x(v). Is (105/o)/((-2)/(-4)) composite?
True
Let y = 51 + 9. Suppose s + 24 + y = 5*i, -5*s - 20 = 0. Is 753*(i/(-6) - -3) composite?
False
Suppose -2*h - 3*o + 320 = -882, -3*h + 1829 = -2*o. Let r = h - -232. Is r a prime number?
True
Let f = 21221 - 31478. Let q = -4583 - f. Is q composite?
True
Suppose -6*v + 324 = -210. Is v prime?
True
Suppose 3 = -4*r - 13. Is -4 - (r + (-1047 - 2)) a prime number?
True
Let z be 2 - 5 - -51 - -4. Suppose d - f = z, -215 = -4*d - 7*f + 4*f. Is d a prime number?
True
Suppose -5127 = -2*j + 3*s, j - 5*s - 12810 = -4*j. Suppose -25*w = -28*w + j. Is w a composite number?
False
Let m(l) = 243*l**2 - l + 19. Is m(11) composite?
False
Is 6/(-4)*(-2890922)/417 composite?
False
Is 4 - 2763*(-5)/5 composite?
False
Is ((-30)/40)/(6/(-25304)) a composite number?
False
Let l(w) = -10*w**2 + 4*w + 13. Let t(y) = -y**2. Let f(h) = -l(h) - 4*t(h). Is f(-7) a prime number?
True
Let n = 1 + 3. Suppose -p = 4*k - k - 1, -n*k = 2*p - 2. Suppose k*u = 5*u - 95. Is u composite?
False
Suppose 68320 = 4*c - 4*x, -c + 4*x + 22010 - 4921 = 0. Is c a composite number?
False
Let l = 27098 + -11161. Is l a composite number?
False
Suppose -3*x - 4*n = 23, x = 5*x - 2*n - 6. Is x - 3750/(-4 + -1) composite?
True
Let x = 19489 - 10800. Is x prime?
True
Suppose 4*r - 187 = -1471. Let t = r - -994. Is t a composite number?
False
Suppose 16*u + 7941 = 19*u. Is u a composite number?
False
Is 35/70 + (-35122)/(-4) prime?
False
Let t = 48 - 30. Let i be (-3)/18 - (-633)/t. Suppose i - 340 = -q. Is q composite?
True
Let l(g) = g**2 + 14*g - 6*g - 7*g. Let p be l(1). Is 10/p*74/10 a prime number?
True
Let g = 19981 + -13792. Is g composite?
True
Let w be -9 + (-2 - 0 - (4 + -6)). Is 1*(-1754)/8*(5 + w) a composite number?
False
Let y(f) = f**2 - f - 4. Let s be y(3). Suppose -1879 = -2*m + 3*t, 0*m + 929 = m + s*t. Suppose 1253 = 4*h - m. Is h composite?
False
Suppose 6*k = 816 + 318. Suppose 7*l - k = 1218. Is l prime?
False
Suppose 23*u + 16787 = 24*u. Is u a composite number?
False
Let v = 31002 - -5487. Is v composite?
True
Suppose -920 = 4*v + 6*v. Let j = -18 - v. Is j a prime number?
False
Suppose 5*h - 208 = -3*h. Is (-4 + h/6)*879 a prime number?
True
Suppose 17*x - 37420 = -3*x. Is x composite?
False
Let r(q) be the first derivative of q**4/3 - q**3/2 - 3*q**2 + 6*q + 4. Let f(d) be the first derivative of r(d). Is f(-7) a prime number?
True
Let v be -3 - -1*21/9*3. Suppose 0 = 5*a - 3*w - 3461, 0 = v*a + a + w - 3453. Is a prime?
True
Let j(a) = -621*a + 1214. Is j(-13) composite?
True
Let r(y) = 3*y**2 + 3*y - 2*y + 0*y + 11 + 2. Is r(9) composite?
True
Let s = -163 - -184. Suppose s*v - 8*v = 23543. Is v prime?
True
Let w = 8119 + -5028. Is w a composite number?
True
Suppose 2*r + 45 = -2*u - 39, 0 = 3*u - 4*r + 112. Let s = 38 - 55. Let z = s - u. Is z prime?
True
Let w(y) = -7*y + 1783. Let t be 0*1/(5 + -1 - 5). Is w(t) composite?
False
Let u(y) = -4*y**2 + 2*y. Let j be u(2). Let g = 12 + j. Suppose g = -3*f - 4 + 178. Is f composite?
True
Suppose -o - o + 26 = 4*l, 0 = 4*l + o - 31. Suppose -k - 1 = c, 5*k - 3 = -4*c - 4. Is k/l - 12790/(-15) a prime number?
True
Suppose -z + 38099 = -14*n + 9*n, -2*n - 4 = 0. Is z composite?
True
Let b = 2817 + -1744. Is b composite?
True
Let h(o) = -135*o + 7069. Is h(0) a composite number?
False
Suppose 4*y + 3*g - 888 = 8066, 3*g - 11191 = -5*y. Is y composite?
False
Suppose -6*q = -344 + 326. Let a be 2 + 0/2 - -1929. Suppose -5*u - a = -4*v, -2*u + 1422 = q*v + 3*u. Is v a prime number?
True
Let r be 0/6*(2 - 1). Suppose r*h + 2*h = 646. Is h a composite number?
True
Let h = 36060 - 25501. Is h composite?
False
Let r = 0 + 10. Suppose 5*v - 10 = r. Suppose -6*y + 2*y + 2584 = -v*g, 0 = -5*g - 25. Is y a prime number?
True
Let b be (-1)/(-6) - (38/12 - 3). Is b - (88 + 1)*-1 a prime number?
True
Suppose 5*l = -0*k + 5*k + 10, 0 = 3*k - 6. Suppose -4*f = -5*x + 5309, l*x + 5*f - 3178 = x. Is x a composite number?
False
Is ((-3)/12*-4)/((-2)/(-34738)) a composite number?
True
Suppose 5*q - 65171 = -3*y, -3*q - q + 5*y + 52122 = 0. Is q composite?
False
Suppose 2*b + i = 28, -3*b - 2*i + 34 = -7. Suppose 3*t - 315 = b. Suppose 2*k - 4*k + t = 0. Is k a composite number?
True
Is ((-4)/((-40)/4994))/(9/45) composite?
True
Suppose 4*h = -3*r + 194389, -2*r - 3*h + 68493 + 61099 = 0. Is r a composite number?
True
Let r = 12 - 16. Let m be r/(-5)*5/2. Suppose -3590 = -5*w + 3*j, -w + m*j + 711 = -0*j. Is w composite?
True
Let q = -92 + 77. Let n = q + 266. Is n a composite number?
False
Let w(y) = 4*y**2 + 1. Let l be w(-1). Suppose 0 = l*f + 3 + 7, -4*f - 4533 = -5*t. Suppose t = 2*v - 177. Is v a prime number?
True
Let f(l) = -2*l + 1 + 13*l**2 + 3*l + 3 - 5. Let z be ((-16)/6 + 2)*-6. Is f(z) a prime number?
True
Suppose 3*j - d = 4*d - 79, -5*d + 13 = -j. Let b = 85 - j. Suppose s = b + 9. Is s a composite number?
False
Let q = -17362 + 8626. Let r be (-6)/(-15) - q/35. Suppose 5*x - r = -4*i - i, 0 = 3*x - 5*i - 174. Is x a composite number?
False
Let l = 4356 + 197. Is l prime?
False
Suppose 643 + 1067 = 6*q. Let a = 476 - q. Is a a prime number?
True
Let l = 47094 - 16447. Is l a prime number?
False
Let d(z) = -443*z - 6. Let w(o) = 364588*o + 4939. Let g be (-2)/4*4939*2. Let q(i) = g*d(i) - 6*w(i). Is q(1) prime?
True
Let v be (5/((-10)/(-4)))/(-2). Let k(p) = 3*p**3 + p**2 - 1. Let u be k(v). Let i(c) = -4*c + 7. Is i(u) prime?
True
Suppose -86*b = -84*b - 3002. Is b composite?
True
Suppose 7*w = 11*w. Suppose w = 4*p - 2 + 10. Is (306/(-4) - 2)*p a prime number?
True
Let m be ((-1)/5*-8)/((-6)/15). Is 17598/m*56/(-84) a composite number?
True
Let k(b) = b**3 + 5*b**2 - b - 3. Let q be k(-5). Let a be q + (114 - (-1)/1). Let h = a + -22. Is h a prime number?
False
Let c(k) = k + 502. Let j(q) = -2*q - 502. Let a(x) = 5*c(x) + 4*j(x). Is a(0) prime?
False
Suppose 0 = -2*y + 19449 - 4871. Is y a composite number?
True
Let z(v) = 222*v + 61. Is z(34) a composite number?
True
Suppose -g - 2*z - 2*z - 3 = 0, -4*g = -2*z - 60. Let m(i) = 6*i + 16 - 9 + g*i**2 - 4*i**2 - i**3. Is m(-7) a composite number?
True
Let h(r) = 10*r**2 + 72*r - 77. Is h(34) composite?
False
Suppose 2*v + 3 = -2*x + 5*v, 4*x - 4*v = 0. Suppose -4*k - 12 = -5*k - x*y, 3*k = y + 16. Is (4/k)/((-8)/(-1932)) a prime number?
False
Let w(b) be the second derivative of b**4/12 + 7*b**2 - 10*b. Is w(0) composite?
True
Suppose 3*k - 8*k + 5*f = -85, -3*k - 2*f = -61. Let y = k + -10. Is y a composite number?
True
Let q(u) = 63*u**2 + 5*u - 3. Let k be q(-4). Suppose 6*d + k = 11*d. Let c = -70 + d. Is c a prime number?
True
Let k(n) = n**3 + 12*n**2 + 13*n - 13. Let o = -20 + 9. Let c be k(o). Let r = 336 - c. Is r a prime number?
False
Is 64/(-96) - (-11410)/6 a prime number?
True
Suppose 0 = -z - 0*z + 5*y + 491, 479 = z + y. Let t = z - -89. Let q = 1111 - t. Is q composite?
False
Let n(r) = -7*r**3 - r**2 + r + 9. Let p(i) = -8*i**3 - 2*i**2 + 2*i + 8. Let z(f) = -6*n(f) + 5*p(f). Is z(6) prime?
False
Let f(o) = -o**3 + 4*o**2 + 6*o + 1. Let u be f(5). Let t(m) = 23*m - 21. Let i(q) = -11*q + 9. Let c(d) = -5*i(d) - 2*t(d). Is c(u) composite?
True
Let f(i) = -52*i**3 + 2*i**2 - 6. Let o be f(-3). Let s = 2119 - o. Is s a prime number?
False
Let o = -13 - -12. Let d(w) = -1671*w**3 - 3*w - 3. Is d(o) a composite number?
True
Let p(x) = -251*x**3 - 5*x**2 + 4*x - 1. Let r = -26 + 32. Let m(l) = -251*l**3 - 6*l**2 + 5*l - 1. Let z(v) = r*p(v) - 5*m(v). Is z(-1) a prime number?
True
Let r be (-1)/2 + (-2 - (-21)/(-6)). Is -3*(2530/r)/5 a prime number?
False
Let m = 323 + -6. Is m a composite number?
False
Let j = -15 + 26. Let p be 1 - (j - -4 - 2). Is (p/3 - -3)*-889 a prime number?
False
Let v(u) = 49*u**2 - 14*u + 3. Is v(16) composite?
False
Let p(h) be the first derivative of 48*h**2 - 5*h - 9. Is p(6) a composite number?
False
Let m(c) = -4*c - 4. Let p be m(-5). Suppose -3*d + 0*u = u - 19, 0 = -4*u + p. Suppose d*j - 195 = 230. Is j prime?
False
Let f = -4035 - -12752. Is f prime?
False
Let p = 4663 + -1736. Is p a prime number?
True
Suppose 4*c + 0*h 